l**5/20 + l**4/2 - 5*l**3/6 + 7*l**2/2 + 7*l. What is s(-7)?
-7
Suppose -3*a - 9 = -5*t + 5, 12 = 3*t. Suppose 3*p + 0 = -g - 17, -3*g = a*p + 16. Let d(f) = -2*f**2 - 3*f - 3. What is d(g)?
-5
Let r(y) be the second derivative of 1/20*y**5 - 11*y - 1/6*y**4 + 1/2*y**2 + 0 + 0*y**3. What is r(2)?
1
Let k(y) = y**3 + 5*y**2 - 4*y + 4. Let b(l) = -l**2 + 3*l + 3. Let u be b(4). Let c(g) = -5*g**2 + g. Let q be c(u). Calculate k(q).
-8
Let h(o) = o - 1. Let k(c) = -c - 1. Let r(d) = 2*h(d) - 2*k(d). Calculate r(-2).
-8
Suppose -7 + 1 = 3*v. Let m(z) be the second derivative of 0*z**3 - 1/10*z**5 - 1/4*z**4 + 0*z**2 + z + 0. Give m(v).
4
Let p(k) = -k**2 - 3*k + 2. Let h = 15 + -18. Determine p(h).
2
Let d(g) = g**2 - 10*g + 13. Let v be d(9). Let p be (v*1/2)/2. Let x(a) = 4*a**2 - 1. Determine x(p).
3
Let w(k) = k. Let l(p) = -p**2 - 2*p - 1. Let f be l(-1). Suppose -5*o - 5*m = -f*o - 20, -2*o + m = -11. Calculate w(o).
5
Suppose 8*z = 4*z - 8. Let p(c) = -c**2 - 2*c - 1. Give p(z).
-1
Let t(k) = k**2 - 1. Let c(x) = -9*x**2 - x + 6. Let a(h) = -c(h) - 5*t(h). Suppose u - 3*p + 1 = -1, 3*u - p - 2 = 0. Give a(u).
4
Let f(c) be the third derivative of -c**4/24 - c**3/3 - 11*c**2. Determine f(-5).
3
Suppose 6 = -h - 4*c, 0 = -h + 5*c - 0*c + 12. Let f(k) be the first derivative of k**3 - 3 - k + 3/2*k**h - 1/4*k**4. Calculate f(2).
9
Suppose -q + 8 = 3*q. Suppose 5*k - 4*v + 33 = 0, -q*k - v = k + 13. Let s(y) = -y**2 - 2*y + 7. What is s(k)?
-8
Let i = -7 - -3. Let k(x) = -x - 1. Let m be k(i). Suppose 15 = 3*s - m. Let q(g) = g**2 - 4*g - 8. What is q(s)?
4
Let w(m) = -m - 4*m**3 + 8*m**2 - m**3 + 16*m**2 - 23*m**2 - 1. Determine w(-1).
6
Let a(t) be the first derivative of t**4/4 - t**3/3 + t**2/2 + 10*t + 2. Let d = 13 + -22. Let u be d - -8 - (-2 + 1). Determine a(u).
10
Let z(g) = -g**3 - 3*g**2 - 3. Suppose -5*a = -3*w + 23, -3*a - 3*w - 8 = 1. What is z(a)?
13
Let w be 3/(-3) + 2/((-2)/5). Let n(s) = -2*s - 2. What is n(w)?
10
Let z(i) = i**3 - i. Suppose 5*r + 110 = 120. Calculate z(r).
6
Let w(g) = 3*g - 1. Suppose 0 = 5*b + 20, -28 = -5*y + y + 2*b. Suppose 2*v - 3 = y. Suppose 5*i - 9 = 4*s, v*s + s - 5*i = -10. Give w(s).
-4
Let o = -1 + 5. Let d = o - 0. Let f(s) = 2*s - 5. Give f(d).
3
Let z(b) = b + 4. Let q be z(-2). Let c(k) = -k + 1. What is c(q)?
-1
Let h be (-1127)/(-46)*(5 + -1). Let a be (-40)/7 + (-28)/h. Let l(v) = v + 4*v**2 + 6 - 7*v**2 - 3*v**2 - v**3. Calculate l(a).
0
Let p be (3 - 3)/(-4 - -2). Let l = p + 3. Let c(r) = -5*r**3 - 6*r**2 - 4*r + 1. Let k(x) = -2*x**3 - 2*x**2 - x. Let z(i) = 3*c(i) - 8*k(i). What is z(l)?
0
Suppose 0 = 2*h - 4*b + 6*b + 16, -5*h - 35 = 4*b. Suppose r - 4*v - 10 = 14, -3*r + 17 = -v. Let y(n) = -3*n + 5*n + 2*n + r. Determine y(h).
-8
Let n(q) = -3*q - 6. Suppose 2*b - 18 - 4 = 0. Suppose -4*u = -a - 8, -3*a - u - b = -0*u. What is n(a)?
6
Let n = -5 + 1. Let o be -10*(-1)/8*n. Let s(h) = -h**3 - 6*h**2 - 9*h - 4. Let m(p) = p**3 + 6*p**2 + 8*p + 3. Let x(i) = -4*m(i) - 3*s(i). Give x(o).
0
Let r be (-2)/4*1*-2. Let p(h) = 2*h**2 - 2*h**2 - 1 - 5*h**2 + 3*h - 2. Let s(m) = -2*m**2 + m - 1. Let b(t) = 3*p(t) - 8*s(t). Calculate b(r).
1
Let q(u) be the third derivative of -u**6/120 + u**4/24 + u**3/6 - u**2. Give q(2).
-5
Let z(q) = 7*q**2 + 6*q - 1. Let o(f) = -8*f**2 - 6*f. Let s(p) = -6*o(p) - 7*z(p). Suppose -3*l - 2*g - 18 = 2*g, 0 = -2*l + 3*g - 12. Determine s(l).
7
Let b(y) = y - 4. Suppose -j - 36 = -5*j. Let x be (j/5)/(18/60). Let r be (x/18)/((-2)/(-18)). Give b(r).
-1
Suppose q - 2*h + 3 = 2, -q + 7 = 2*h. Let f(u) = 4*u**q + u - 3*u**2 + 0*u + 4 + 6*u**3 - 9*u**3. Suppose -5 = -t, -t - 3 - 4 = -4*n. Determine f(n).
7
Let z = 27/58 + 1/29. Let u(b) be the third derivative of 0*b + z*b**3 + 1/12*b**4 + 0 + 3*b**2. Calculate u(-3).
-3
Let m be 310/18 + (-12)/54. Suppose 4*g = -t - m - 1, 2*g = -8. Let b(h) = -h**2 - 2*h - 1. Give b(t).
-1
Let i(y) = -y - 3. Let q = -6 + 8. Suppose w = q*w. Calculate i(w).
-3
Let m = -2 + 3. Let z(c) be the second derivative of -2*c**3/3 - c**2/2 - 12*c. What is z(m)?
-5
Let n(v) = -2*v**2 - 5*v - 4. Let p be n(-3). Let x(u) = 11*u + 9. Let w(i) = 16*i + 13. Let c(a) = p*x(a) + 5*w(a). Determine c(-2).
-4
Let r be (-4 - -2)*-2 - -2. Let s(v) = -v + 7. What is s(r)?
1
Suppose -z - 2*z = 0. Let w(h) be the third derivative of h**8/6720 - h**5/40 - h**4/12 - 2*h**2. Let n(i) be the second derivative of w(i). Give n(z).
-3
Let n(v) = v**2 + 5*v - 1. Let q = -39 + 35. Determine n(q).
-5
Let i be (11/(-2))/(9/(-18)). Let g(u) = -3*u + i + 3*u + u. What is g(0)?
11
Let u(h) = h**2 - 5*h + 5. Let o be u(4). Suppose 1 + o = j. Let c(v) = -1 - j*v**3 + v**3 + v - 4*v + 5*v**2. Determine c(4).
3
Suppose -5*h - 9 = 1. Let b(p) = -p**2 - 1. Let n(a) = 3*a**2 + 3*a + 4. Let l(r) = h*b(r) - n(r). Give l(-2).
0
Suppose 3*z - a - 27 = 6*z, 5 = -z + a. Let o(f) = -f + 2. Calculate o(z).
10
Let x(f) = -f**2 - 6*f + 1. Let r be x(-6). Let c(q) = -8*q**2 + q. What is c(r)?
-7
Suppose 5*o = 4*t - 24, 2*o + o = -4*t + 56. Let q(h) = h**2 - 11*h - 1. Calculate q(t).
-1
Let n(f) = 2*f**3 + 2*f**2 - f. Let p(j) = -j**3 - 6*j**2 - 3*j + 11. Let y be p(-5). What is n(y)?
3
Let b(w) be the first derivative of 1/2*w**2 + 4*w + 2. What is b(-5)?
-1
Let b(y) = y**2 + 3*y - 4. Let g be (-1)/((-2)/(-18)*3). What is b(g)?
-4
Let o be (2/(-6))/(8/(-48)). Let g(m) = -m**2 - m**o + 0*m**2 + 0 + m**3 - m - 1. Calculate g(2).
-3
Let n(a) = 2*a - 5. Let w be n(5). Suppose -x = 3*y + 7, -w*x + 0*x + 7 = y. Let c(l) be the second derivative of l**3/6 - l**2 + 3*l. Calculate c(x).
0
Let h(v) = v**2 - 1. Let n(m) = -3*m**2 + 2*m + 4. Let l(t) = 4*h(t) + n(t). Suppose -5*p + 74 = -11. Let x = -19 + p. Determine l(x).
0
Let x(n) = -4*n + 3 + 0*n + n**2 + 2*n + n**3. Let t(o) = 2*o**3 + 2*o**2 - 5*o + 6. Let z(h) = 2*t(h) - 5*x(h). Let b = -16 + 16. Determine z(b).
-3
Suppose -q - 12 = -5*q. Let a(w) = 2 - 3*w + 0 + 4*w + 0. Calculate a(q).
5
Let r(o) = -2*o - 12. Suppose -5*u - 31 - 9 = 0. Let m be r(u). Let v(x) = 2*x + 3. Calculate v(m).
11
Let p(t) = 6*t**3 - 7*t**2 - 2*t - 1. Let n(q) = -q**3 + q**2. Let z(v) = -5*n(v) - p(v). Let c be 14/(-63) - (-158)/(-18). Let g = c - -11. Give z(g).
5
Let q(h) = 3*h - 32. Let g be q(12). Let r(v) = v**2 - 2*v - 3. Calculate r(g).
5
Let m(v) = 2*v**3 - 14*v**2 + 17*v + 16. Let t(g) = g**3 - 7*g**2 + 8*g + 8. Let j(f) = -2*m(f) + 5*t(f). Calculate j(6).
8
Let l(x) be the third derivative of x**6/120 - x**5/10 - x**4/24 + 5*x**3/6 + 6*x**2. Calculate l(6).
-1
Let a(u) be the first derivative of -2*u**2 - 6*u + 1. Let m = -6 - -2. Determine a(m).
10
Let u(n) = -n**3 - 4*n**2 + 4*n - 6. Let r(a) = a**2 - 18*a + 12. Let w be r(17). Calculate u(w).
-1
Let j(q) be the third derivative of -1/24*q**5 + 1/8*q**4 + 0*q**3 + q**2 + 0 - 1/720*q**6 + 0*q. Let k(i) be the second derivative of j(i). Give k(-5).
0
Let l(k) = -3*k**3 - 15*k**2 - 4*k - 4. Let y(d) = 4*d**3 + 22*d**2 + 6*d + 6. Let t(u) = -7*l(u) - 5*y(u). What is t(5)?
-12
Suppose 0*d + d = 5*f - 20, -2*f = -3*d - 21. Let o(r) = -r + 4. Determine o(f).
1
Let d(r) = -r**2 - r - 3*r + 6 + 5*r. Give d(5).
-14
Let d = 0 - 6. Let u be (-2)/(-8) + (-99)/12. Let y be d/4*u/(-6). Let c(m) = -m**2 + m - 2. What is c(y)?
-8
Let p be (-2)/(-7) + (-12)/42. Let s(i) = i**2 + i + 6. Let w be s(p). Let y(o) = o**2 - 7*o - 2. Give y(w).
-8
Let a(o) be the second derivative of 6*o + 0 - o**2 - 4/3*o**3 - 1/12*o**4. Calculate a(-7).
5
Let h(c) = c**3 - c**2 + c - 1. Let r(w) = -w**3. Let l(k) = 6*h(k) + 5*r(k). Suppose d = -5*s - 4*d + 50, 0 = -s + 2*d - 5. Determine l(s).
-1
Let q be (7/2 - 2)*4. Let r(o) = -o**3 + 7*o**2 - 4*o - 2. Determine r(q).
10
Let u(n) = -n**2 + 4*n + 5. Let h be u(4). Let b(w) = 11*w**2 + 170*w + 6 - w**3 - 177*w - 5*w**2. What is b(h)?
-4
Let v(w) = 3*w**3 - 23*w**2 - 6*w - 20. Let x(s) = -s**3 + 8*s**2 + 2*s + 7. Let d(j) = -6*v(j) - 17*x(j). Calculate d(3).
-2
Let u(l) be the second derivative of -l**3/6 - 3*l**2/2 - 95*l. Let b = -4 + 0. Give u(b).
1
Suppose 0 = -5*u + 3*d - 1 - 0, -3*d = 5*u + 19. Let w(z) = 5*z**2 - 6*z + z**3 - 3*z**2 + 2*z - 3. Give w(u).
5
Let w(f) = 2*f**2 - f - 2. Let a be 1 - 6 - (-13 - -6). Give w(a).
4
Let u(a) be the second derivative of a**4/12 - a**3/2 